{"id":580,"date":"2020-10-21T03:45:19","date_gmt":"2020-10-21T03:45:19","guid":{"rendered":"https:\/\/surielementor.com\/dirtywash\/?page_id=580"},"modified":"2024-03-12T15:24:09","modified_gmt":"2024-03-12T14:24:09","slug":"about-us","status":"publish","type":"page","link":"https:\/\/interhospitalia.es\/web\/about-us\/","title":{"rendered":"Nosaltres"},"content":{"rendered":"\t\t<div data-elementor-type=\"wp-page\" data-elementor-id=\"580\" class=\"elementor elementor-580\">\n\t\t\t\t\t\t<section class=\"elementor-section elementor-top-section elementor-element elementor-element-ee5e50f elementor-section-stretched elementor-section-boxed elementor-section-height-default elementor-section-height-default tf-sticky-no tf-sticky-scroll-down-yes\" data-id=\"ee5e50f\" data-element_type=\"section\" data-e-type=\"section\" data-settings=\"{&quot;stretch_section&quot;:&quot;section-stretched&quot;,&quot;tf_sticky&quot;:&quot;no&quot;,&quot;tf_sticky_scroll_down&quot;:&quot;yes&quot;}\">\n\t\t\t\t\t\t<div class=\"elementor-container elementor-column-gap-extended\">\n\t\t\t\t\t<div class=\"elementor-column elementor-col-50 elementor-top-column elementor-element elementor-element-5bf3a73\" data-id=\"5bf3a73\" data-element_type=\"column\" data-e-type=\"column\">\n\t\t\t<div class=\"elementor-widget-wrap elementor-element-populated\">\n\t\t\t\t\t\t<div class=\"elementor-element elementor-element-2588a92 tf-effect-image elementor-invisible elementor-widget elementor-widget-image\" data-id=\"2588a92\" data-element_type=\"widget\" data-e-type=\"widget\" data-settings=\"{&quot;_animation&quot;:&quot;fadeIn&quot;}\" data-widget_type=\"image.default\">\n\t\t\t\t<div class=\"elementor-widget-container\">\n\t\t\t\t\t\t\t\t\t\t\t\t\t\t\t<img fetchpriority=\"high\" decoding=\"async\" width=\"2560\" height=\"1498\" src=\"https:\/\/interhospitalia.es\/web\/wp-content\/uploads\/2024\/03\/IMG_0500_2-scaled.jpg\" class=\"attachment-full size-full wp-image-6361\" alt=\"\" srcset=\"https:\/\/interhospitalia.es\/web\/wp-content\/uploads\/2024\/03\/IMG_0500_2-scaled.jpg 2560w, https:\/\/interhospitalia.es\/web\/wp-content\/uploads\/2024\/03\/IMG_0500_2-300x176.jpg 300w, https:\/\/interhospitalia.es\/web\/wp-content\/uploads\/2024\/03\/IMG_0500_2-1024x599.jpg 1024w, https:\/\/interhospitalia.es\/web\/wp-content\/uploads\/2024\/03\/IMG_0500_2-768x449.jpg 768w, https:\/\/interhospitalia.es\/web\/wp-content\/uploads\/2024\/03\/IMG_0500_2-1536x899.jpg 1536w, https:\/\/interhospitalia.es\/web\/wp-content\/uploads\/2024\/03\/IMG_0500_2-2048x1198.jpg 2048w\" sizes=\"(max-width: 2560px) 100vw, 2560px\" \/>\t\t\t\t\t\t\t\t\t\t\t\t\t\t\t<\/div>\n\t\t\t\t<\/div>\n\t\t\t\t\t<\/div>\n\t\t<\/div>\n\t\t\t\t<div class=\"elementor-column elementor-col-50 elementor-top-column elementor-element elementor-element-a45ffc8\" data-id=\"a45ffc8\" data-element_type=\"column\" data-e-type=\"column\">\n\t\t\t<div class=\"elementor-widget-wrap elementor-element-populated\">\n\t\t\t\t\t\t<section class=\"elementor-section elementor-inner-section elementor-element elementor-element-979fc3e elementor-section-boxed elementor-section-height-default elementor-section-height-default tf-sticky-no tf-sticky-scroll-down-yes\" data-id=\"979fc3e\" data-element_type=\"section\" data-e-type=\"section\" data-settings=\"{&quot;tf_sticky&quot;:&quot;no&quot;,&quot;tf_sticky_scroll_down&quot;:&quot;yes&quot;}\">\n\t\t\t\t\t\t<div class=\"elementor-container elementor-column-gap-no\">\n\t\t\t\t\t<div class=\"elementor-column elementor-col-100 elementor-inner-column elementor-element elementor-element-799c9c9\" data-id=\"799c9c9\" data-element_type=\"column\" data-e-type=\"column\">\n\t\t\t<div class=\"elementor-widget-wrap elementor-element-populated\">\n\t\t\t\t\t\t<div class=\"elementor-element elementor-element-9dc76ae elementor-invisible elementor-widget elementor-widget-heading\" data-id=\"9dc76ae\" data-element_type=\"widget\" data-e-type=\"widget\" data-settings=\"{&quot;_animation&quot;:&quot;fadeInUp&quot;,&quot;_animation_delay&quot;:300}\" data-widget_type=\"heading.default\">\n\t\t\t\t<div class=\"elementor-widget-container\">\n\t\t\t\t\t<h2 class=\"elementor-heading-title elementor-size-default\">Interhospitalia 2 AIE<\/h2>\t\t\t\t<\/div>\n\t\t\t\t<\/div>\n\t\t\t\t\t<\/div>\n\t\t<\/div>\n\t\t\t\t\t<\/div>\n\t\t<\/section>\n\t\t\t\t<div class=\"elementor-element elementor-element-ba5c107 elementor-invisible elementor-widget elementor-widget-heading\" data-id=\"ba5c107\" data-element_type=\"widget\" data-e-type=\"widget\" data-settings=\"{&quot;_animation&quot;:&quot;fadeInUp&quot;,&quot;_animation_delay&quot;:500}\" data-widget_type=\"heading.default\">\n\t\t\t\t<div class=\"elementor-widget-container\">\n\t\t\t\t\t<p class=\"elementor-heading-title elementor-size-default\">\nINTERHOSPITALIA  \u00e9s una empresa especialitzada en el rentat i desinfecci\u00f3 dels teixits d\u2019Entitats prestadores de serveis assistencials , que inici\u00e0 la seva activitat l\u2019any 1985. Fou constituida per un grup d\u2019hospitals, seguint la normativa m\u00e9s actual quant a les exig\u00e8ncies higi\u00e8niques de la llencer\u00eda, les bugaderies i els processos de rentat.\nConstituida sense \u00e0nim de lucre, presta el seu servei sense sacrificar cap concepte que pugui alterar la seva filosof\u00eda de funcionament, basada en la garant\u00eda d\u2019un lliurament fiable i puntual de la roba neta. Per la seva consecuci\u00f3 disposa dels seg\u00fcents medis:\n<\/p>\t\t\t\t<\/div>\n\t\t\t\t<\/div>\n\t\t\t\t\t<\/div>\n\t\t<\/div>\n\t\t\t\t\t<\/div>\n\t\t<\/section>\n\t\t\t\t<section class=\"elementor-section elementor-top-section elementor-element elementor-element-760ed469 elementor-section-stretched elementor-section-boxed elementor-section-height-default elementor-section-height-default tf-sticky-no tf-sticky-scroll-down-yes\" data-id=\"760ed469\" data-element_type=\"section\" data-e-type=\"section\" data-settings=\"{&quot;stretch_section&quot;:&quot;section-stretched&quot;,&quot;tf_sticky&quot;:&quot;no&quot;,&quot;tf_sticky_scroll_down&quot;:&quot;yes&quot;}\">\n\t\t\t\t\t\t<div class=\"elementor-container elementor-column-gap-extended\">\n\t\t\t\t\t<div class=\"elementor-column elementor-col-50 elementor-top-column elementor-element elementor-element-62043d17\" data-id=\"62043d17\" data-element_type=\"column\" data-e-type=\"column\">\n\t\t\t<div class=\"elementor-widget-wrap elementor-element-populated\">\n\t\t\t\t\t\t<div class=\"elementor-element elementor-element-fd483ce elementor-widget elementor-widget-text-editor\" data-id=\"fd483ce\" data-element_type=\"widget\" data-e-type=\"widget\" data-widget_type=\"text-editor.default\">\n\t\t\t\t<div class=\"elementor-widget-container\">\n\t\t\t\t\t\t\t\t\t<p>\u2022 Planta industrial de 3500 m2<br \/>\u2022 Equip hum\u00e0 qualificat i format constantment.<br \/>\u2022 Maquin\u00e0ria i instalacions d\u2019avan\u00e7ada tecnolog\u00eda altament automatitzada i robotitzada.<br \/>\u2022 Equip d\u2019investigaci\u00f3 i implantaci\u00f3 de processos productius i industrials<br \/>\u2022 Tecnolog\u00eda RFID a cada pe\u00e7a per assegurar-hi la tra\u00e7abilitat i minimitzar les perdues<br \/>\u2022 Servei de preparaci\u00f3 de comandes per cadascun dels punts de lliurament de llencer\u00eda dels hospitals<\/p><p>\u00a0<\/p><p><strong>L&#8217;efici\u00e8ncia en els processos industrials ens situa en l&#8217;avantguarda del respecte al medi ambient amb instal\u00b7lacions que processen i reutilitzen l&#8217;aigua de rentat aix\u00ed com planta fotovoltaica i equips de recuperaci\u00f3 d&#8217;energia t\u00e8rmica amb l&#8217;objectiu de la reducci\u00f3 del consum de gas i electricitat i minimitzar d\u2019aquesta manera la petjada de carboni.<\/strong><\/p><p>\u00a0<\/p>\t\t\t\t\t\t\t\t<\/div>\n\t\t\t\t<\/div>\n\t\t\t\t\t<\/div>\n\t\t<\/div>\n\t\t\t\t<div class=\"elementor-column elementor-col-50 elementor-top-column elementor-element elementor-element-18dfcdef\" data-id=\"18dfcdef\" data-element_type=\"column\" data-e-type=\"column\">\n\t\t\t<div class=\"elementor-widget-wrap elementor-element-populated\">\n\t\t\t\t\t\t<div class=\"elementor-element elementor-element-3ac33ef3 tf-effect-image animated-fast elementor-widget__width-auto elementor-invisible elementor-widget elementor-widget-image\" data-id=\"3ac33ef3\" data-element_type=\"widget\" data-e-type=\"widget\" data-settings=\"{&quot;_animation&quot;:&quot;fadeIn&quot;,&quot;_animation_delay&quot;:0}\" data-widget_type=\"image.default\">\n\t\t\t\t<div class=\"elementor-widget-container\">\n\t\t\t\t\t\t\t\t\t\t\t\t\t\t\t<img decoding=\"async\" src=\"https:\/\/interhospitalia.es\/web\/wp-content\/uploads\/elementor\/thumbs\/IMG_0480_2-scaled-ql1yfgrzwv0u2re6w9vv1vlcubtvkwddkfgmh4ep2g.jpg\" alt=\"IMG_0480_2\" \/>\t\t\t\t\t\t\t\t\t\t\t\t\t\t\t<\/div>\n\t\t\t\t<\/div>\n\t\t\t\t\t<\/div>\n\t\t<\/div>\n\t\t\t\t\t<\/div>\n\t\t<\/section>\n\t\t\t\t<\/div>\n\t\t","protected":false},"excerpt":{"rendered":"<p>Interhospitalia 2 AIE INTERHOSPITALIA \u00e9s una empresa especialitzada en el rentat i desinfecci\u00f3 dels teixits d\u2019Entitats prestadores de serveis assistencials , que inici\u00e0 la seva activitat l\u2019any 1985. Fou constituida per un grup d\u2019hospitals, seguint la normativa m\u00e9s actual quant a les [&hellip;]<\/p>\n","protected":false},"author":1,"featured_media":0,"parent":0,"menu_order":0,"comment_status":"closed","ping_status":"closed","template":"elementor_header_footer","meta":{"footnotes":""},"class_list":["post-580","page","type-page","status-publish","hentry"],"_links":{"self":[{"href":"https:\/\/interhospitalia.es\/web\/wp-json\/wp\/v2\/pages\/580","targetHints":{"allow":["GET"]}}],"collection":[{"href":"https:\/\/interhospitalia.es\/web\/wp-json\/wp\/v2\/pages"}],"about":[{"href":"https:\/\/interhospitalia.es\/web\/wp-json\/wp\/v2\/types\/page"}],"author":[{"embeddable":true,"href":"https:\/\/interhospitalia.es\/web\/wp-json\/wp\/v2\/users\/1"}],"replies":[{"embeddable":true,"href":"https:\/\/interhospitalia.es\/web\/wp-json\/wp\/v2\/comments?post=580"}],"version-history":[{"count":27,"href":"https:\/\/interhospitalia.es\/web\/wp-json\/wp\/v2\/pages\/580\/revisions"}],"predecessor-version":[{"id":6369,"href":"https:\/\/interhospitalia.es\/web\/wp-json\/wp\/v2\/pages\/580\/revisions\/6369"}],"wp:attachment":[{"href":"https:\/\/interhospitalia.es\/web\/wp-json\/wp\/v2\/media?parent=580"}],"curies":[{"name":"wp","href":"https:\/\/api.w.org\/{rel}","templated":true}]}}